lculate the greatest common divisor of 280 and s.
20
Suppose -2*w + 6*v = v - 85, 2*w + 4*v = 58. Suppose 2*a + 2*l = 38, -2*l + 5*l = 3*a - 27. Calculate the greatest common divisor of w and a.
7
Let p be (-26)/(-52) - (-8146)/4. Calculate the greatest common divisor of 42 and p.
21
Let d be (25 - -11) + 7 - 4. Calculate the highest common divisor of 637 and d.
13
Let p = -13 - -21. Suppose p = 2*l - 6. Calculate the greatest common factor of 56 and l.
7
Let h(o) = o + 5. Let n be h(3). Suppose n*y = 5*y + 84. Calculate the highest common divisor of y and 56.
28
Let s = 92 - -167. Let r = -142 + s. Calculate the highest common factor of r and 13.
13
Suppose 0*x + 2*x = 3*o + 353, 4*x - 705 = 5*o. Let v be (6/4)/(87/2030). Calculate the highest common factor of v and x.
35
Let r be (-815)/(-15) + 2/3. What is the greatest common factor of r and 275?
55
Let u(f) = f**3 + 60*f**2 + 59*f + 4. Let d be u(-59). Calculate the highest common divisor of d and 136.
4
Let m(h) = -h - 4. Let k be m(-7). Let j(c) = 4*c. Let x be j(k). Suppose 0*z - x = -4*z. Calculate the greatest common divisor of 3 and z.
3
Let l = -136 + 325. Suppose 238 - 91 = 7*u. What is the greatest common divisor of u and l?
21
Suppose -6 = -10*j + 8*j. Let a be (j - -11)*1*9. Calculate the greatest common factor of 18 and a.
18
Suppose q - 44 = -5*g + 44, g - 352 = -4*q. Let t = -78 + q. Calculate the greatest common factor of t and 1.
1
Let r be 1/4 + (-3)/(24/(-302)). Calculate the greatest common divisor of 418 and r.
38
Let p(q) = 12*q**2 + 24*q + 12. Let c be p(-5). Calculate the highest common factor of 16 and c.
16
Suppose 3*h - 657 = 813. Calculate the highest common divisor of 49 and h.
49
Let c be 125/45 - 3 - (-2081)/9. Suppose -16*b + 1111 = c. Calculate the highest common factor of 22 and b.
11
Suppose 0 = 5*g - 3*d - 19, g + 4*d + 20 = 5*g. Suppose -c = -2*o - 23, -40 = 3*o - g*c - 6. Let w = -10 - o. What is the greatest common divisor of w and 16?
2
Let m(u) = -3*u**3 + 8*u**2 + 10*u + 17. Let o be m(-4). What is the greatest common factor of 22 and o?
11
Let h be 975/(-6)*(-24)/15. Suppose -2*l - 154 - 126 = -2*t, 2*t - h = -3*l. What is the highest common divisor of t and 17?
17
Let q = -1306 - -1436. What is the greatest common factor of 370 and q?
10
Let g be 4/(-7) - (-3200)/(-35). Let q be g/6 + 7/21. Let m = q + 28. Calculate the highest common factor of 39 and m.
13
Suppose 6*a - 531 = 15. What is the greatest common factor of a and 52?
13
Let c(s) = -2*s**2 + 49*s - 63. Let k be c(21). Calculate the greatest common factor of k and 861.
21
Let j(k) = k**3 + 2*k**2 + 8*k - 19. Let z be j(5). Calculate the highest common factor of 98 and z.
98
Let p = 324 + -304. Calculate the greatest common factor of 270 and p.
10
Suppose d = 6*d - 3*o - 208, -2*d = o - 92. What is the highest common divisor of d and 55?
11
Let p(g) = -g**2 + 3*g + 6. Let k be p(4). Let z = 18 + -8. What is the highest common factor of k and z?
2
Suppose 2*n + 3*n + 183 = 3*c, -4*n - 180 = -3*c. Let g be (-7)/((1 - 0)/(-1)). What is the highest common factor of g and c?
7
Let m be 142/8 - (-2)/8. Let j = m + -9. Let d = 176 - 104. What is the highest common divisor of j and d?
9
Let h = -13 - -11. Let s be (1 + -43)/(-3 - h). Let o = -3 + s. What is the highest common factor of o and 13?
13
Suppose 13 = 5*c - 22. What is the greatest common factor of 1 and c?
1
Let m(b) = 5*b**2 + 3. Let r be m(3). What is the greatest common divisor of 160 and r?
16
Let s = -8 + 10. Suppose j - 5*k = 0, -s*k - 11 = j + 17. Let b be 58/6 - j/(-30). What is the highest common factor of 9 and b?
9
Let q(x) = x**3 - 18*x**2 + 15*x + 1. Let k be q(17). Let c = 14 - 31. Let f = c - k. What is the greatest common factor of 2 and f?
2
Let v be (4 - -1) + -2 + 0 - -5. Calculate the greatest common divisor of 26 and v.
2
Let y be -3*2/3 + 3. Let m be (-2)/(6/9) - (-24)/y. Calculate the greatest common divisor of m and 84.
21
Let a(q) = 14*q - 67. Let w be a(10). Calculate the highest common factor of w and 219.
73
Suppose h + h = 36. Let k be 16/(-3)*108/(-48). What is the greatest common factor of h and k?
6
Suppose 8*o = 6*o + 344. Suppose -2*z = -4*j + 280, -32 - o = -3*j + 3*z. Calculate the highest common divisor of j and 48.
24
Suppose 3*v = 9*v. Suppose v = -2*l + 1 + 1, j + l = 6. Calculate the highest common divisor of j and 10.
5
Suppose -31 = -8*m + 145. What is the highest common divisor of m and 176?
22
Let v(i) = -i**2 + 14*i + 5. Let g = 128 - 115. Let r be v(g). Suppose 5*m - 79 = -z + 13, 3*m = -z + 56. Calculate the greatest common factor of m and r.
18
Let c be (-40)/30*(-27)/2. Let y = -21 + c. Let l be y - -5*(-1 + 3). Calculate the highest common divisor of 56 and l.
7
Let m = 55 - 38. Calculate the highest common divisor of m and 1.
1
Let m be (-48)/40*465/(-6). What is the highest common divisor of 93 and m?
93
Let i = -31 + 40. Suppose -4*u + 3*l = -27, -4*l - 7 - 16 = -u. Suppose -u*t + 4 + 5 = 0. Calculate the greatest common divisor of i and t.
3
Suppose 0*y - 5*y = -10. Suppose 56 = 3*w + y. What is the highest common factor of w and 12?
6
Let d = -18 + 34. Let h be (-6)/9*6 + 4. Suppose h = i + 4*i - 880. What is the greatest common divisor of i and d?
16
Let f = 543 - 528. Calculate the highest common factor of f and 1215.
15
Suppose -34*o + 35*o - 379 = -4*n, 0 = 2*n - 2*o - 182. Calculate the highest common divisor of n and 2.
2
Let f be (-3 + 0)*(520/60 + -15). What is the highest common divisor of 2831 and f?
19
Let h be (2 + (-6)/4)*762. Suppose -5*p - 141 + h = 0. Calculate the highest common divisor of 6 and p.
6
Let q(z) = z**2 - 13*z + 4. Let s be q(13). Suppose s*x = 56 - 4. Calculate the greatest common divisor of 13 and x.
13
Let l = -22 - -35. Suppose l*p = 9*p + 120. What is the greatest common divisor of 75 and p?
15
Suppose 5*w - 144 = -3*v, 4*w - 51 - 54 = v. Let j(r) = r**3 - 9*r**2 - 21*r + 7. Let x be j(11). Calculate the greatest common factor of x and w.
9
Suppose 3*z + 77 = 6*z - 2*p, -z + 7 = 4*p. Let d = z + 27. Calculate the highest common factor of d and 250.
50
Suppose -5*v + 125 = -10. Let b be (3/12*0)/(-3). Suppose -3*p + 4*p - 3 = b. What is the highest common divisor of p and v?
3
Let d = 60 - 56. Suppose 4*q - 28 = 5*l, -2*l = 5*q - 3*q + d. What is the greatest common factor of 8 and q?
2
Let g(q) = -q**3 - 14*q**2 - 54*q + 10. Let v be g(-7). What is the greatest common factor of 144 and v?
9
Let t = 46 - -52. Let d(k) = -k + 6. Let h(r) = 1. Let w(u) = d(u) + 3*h(u). Let a be w(-5). What is the greatest common factor of t and a?
14
Let i be 23 - (-2)/3*3. Let h be (-19 + 24)/((-2)/(-30)). Calculate the greatest common factor of h and i.
25
Let t(s) = 2*s**3 - 2*s**2 + 2*s - 6*s**3 + 2*s**3. Let j be t(-2). Suppose 4*m - 13 = -1, -j*m + 92 = 4*l. What is the greatest common divisor of l and 4?
4
Let b = 13 - 7. Suppose -2*c + 7*c = 45. Let p = c + -6. What is the greatest common factor of p and b?
3
Suppose -39 - 446 = -5*n. What is the highest common factor of 2231 and n?
97
Let q(f) = -6*f. Let w be q(-7). Suppose 2*p - w = o - 5*o, 2*p + 2*o - 32 = 0. Suppose 8*t - p*t = -72. What is the highest common divisor of t and 60?
12
Suppose -3943 - 3707 = -15*k. Calculate the highest common divisor of 30 and k.
30
Suppose -348 = -11*o + 8*o. Let u be (-1)/(3 + o/(-38)). Let f(s) = -s**3 + 8*s**2 + 5*s - 8. Let p be f(7). What is the greatest common factor of u and p?
19
Let g(k) = -34*k - 55. Let m be g(-2). What is the greatest common divisor of m and 1261?
13
Let u be (-7)/(-56) + (339/(-24) - 0). Let b = u + 58. Calculate the greatest common divisor of b and 110.
22
Let b(y) = -y**3 - 2*y**2 + y - 14. Let x be b(-6). Suppose -4*n = -0*n - x. Calculate the greatest common divisor of n and 31.
31
Suppose 5*k - 48 = k. Let g = k + -15. Let a be 15 - (-3 + 6 + g). What is the highest common divisor of a and 165?
15
Let v(h) = 39*h + 188. Let y be v(12). Calculate the highest common factor of 32 and y.
16
Let s(t) = -t**2 - 27*t - 47. Let r be s(-21). Let j = -52 + r. What is the greatest common factor of 6 and j?
3
Let p = 551 + -452. What is the highest common factor of p and 297?
99
Let p = 149 - 80. Let g = p + 30. Calculate the highest common di